46)/69 + 5). Let v be (72/14)/(46/x). What is the greatest common divisor of v and 36?
18
Let v be (-24)/60 - 376/(-40). What is the greatest common divisor of v and 2799?
9
Suppose m = -6*d + 2*d + 21, -4*d - 129 = -5*m. Let w(h) = -h + 13. Let q be 50/(-15)*(-12)/5. Let a be w(q). What is the highest common divisor of m and a?
5
Let f be 389 - (14/7 + -8). What is the greatest common divisor of 5 and f?
5
Let p = -410 - -425. Calculate the highest common divisor of 120 and p.
15
Let k(g) = g**3 + 22*g**2 + 42*g + 253. Let y be k(-14). What is the greatest common divisor of y and 274?
137
Suppose 6*q - 2*q = 0. Suppose w + 5 = -2*c + 7*c, 5*c - 25 = q. Let u = -195 + 199. Calculate the highest common divisor of w and u.
4
Let n = 0 + -19. Let i = 51 + n. Let a be -2*2 + 46 + 6. Calculate the greatest common divisor of a and i.
16
Let z = -15 - -8. Let f be -2 - (2 + z + -2). Suppose f*h - a - 400 = -100, -3*h + 3*a = -180. What is the highest common factor of h and 12?
12
Suppose 20*b + 30 = 25*b. Let n be 23/2 + b + (-52)/8. Calculate the greatest common divisor of n and 121.
11
Let q be (15 + 0)*(-5 - (-164)/12). Suppose -3*z - 34 = -l, -q = -3*l + 12*z - 17*z. Calculate the greatest common factor of 100 and l.
20
Suppose 0 = -2*n + 4*p + 30, -5 = 3*p - 17. Suppose -5*q - 440 = -4*c, 2*q + 0*q = -5*c + 583. What is the greatest common factor of c and n?
23
Let p(h) = h**2 + 20*h + 113. Let v be p(-24). Calculate the highest common divisor of 22 and v.
11
Let j be 13/3 + 4/(-12). Suppose 26 = d + 2*u, -5*u + u + j = -d. Let t(c) = -21*c - 4. Let s be t(-4). Calculate the highest common divisor of s and d.
16
Let l = -26 + 28. Suppose 5*j = -3*m - 64, -8 = -l*m + 3*m + 5*j. Let a = m + 31. What is the greatest common divisor of a and 9?
3
Let w be (2/(-6))/((-9 - 1)/600). Calculate the greatest common divisor of w and 820.
20
Let r be 18 + 3/6*-6. Suppose 30 + r = 3*a. Let o = 227 + -217. What is the greatest common factor of o and a?
5
Suppose -2*v + 148 = -q, v - 3*q - 300 = -3*v. Suppose -3*p + 2*y + 532 = 0, -2*p + 12*y - 9*y = -348. Calculate the greatest common divisor of v and p.
36
Let s be (-123)/(-11) - 10/55. Let w = 13 - s. What is the greatest common factor of w and 1?
1
Suppose 61*n - 53*n = 3128. What is the greatest common divisor of 17 and n?
17
Let p = 240 - 210. Suppose 3*b - 10 + 1 = 0. What is the highest common divisor of p and b?
3
Suppose 2*y = 9*c - 8*c - 38, -56 = -2*c - y. Let i be (-2 + -1)/((-13)/910). What is the highest common factor of i and c?
30
Suppose -18 - 33 = -3*h. Suppose 118 = 4*q - 494. What is the highest common factor of h and q?
17
Let n(a) = 2*a**2 - 32*a. Let s be n(-4). What is the highest common factor of s and 128?
32
Let w = -5 + 12. Suppose w*i - 3 = 6*i. What is the highest common divisor of i and 12?
3
Suppose -5*u = 3*h - 1452, 3*u = 4*h - h + 852. What is the highest common factor of u and 54?
18
Suppose w - 6*w + 3*y = -105, w - 4 = 4*y. Suppose 2*i - 15 = -9. What is the highest common factor of i and w?
3
Suppose 19*l = 20*l - 1. Suppose -2*m - 4 = -20. What is the greatest common factor of l and m?
1
Let s be 448/35 + 16/(-20) + 1. What is the greatest common factor of 13 and s?
13
Let n be (-4)/((-10)/(-6) - 3). Let j be ((-5)/3)/((-1)/n). Let f be -2 - (-46 - 1/1). What is the greatest common factor of f and j?
5
Let k be (-228)/20 + (3/(-5) - -1). Let g(s) = s**3 + 12*s**2 - 5*s + 4. Let n be g(k). Calculate the greatest common divisor of n and 72.
36
Suppose 3*d + 3*t + t - 106 = 0, 0 = 4*d - t - 116. Calculate the greatest common factor of d and 15.
15
Let a(b) = 3*b - 27. Let d be a(11). Suppose -d*t + t = 5*k - 815, -3*t + 3*k + 501 = 0. What is the highest common divisor of 66 and t?
33
Let o = 1115 - 1016. Let x be (-9 - (2 + 0))/(-1). Calculate the highest common divisor of x and o.
11
Let v(g) = -2*g**3 - 8*g**2 + 9*g - 40. Let o be v(-6). What is the greatest common factor of 775 and o?
25
Suppose 13*s = 23 + 445. Calculate the highest common divisor of 576 and s.
36
Let y be 58/3 + (-6)/(-9). Suppose 0 = 2*o + 2*o - y. Suppose -25 = 950*w - 951*w. What is the greatest common divisor of w and o?
5
Suppose -20 = -0*k + 4*k, 0 = -3*b - 5*k - 10. Suppose 2154 = b*j + 774. What is the greatest common factor of 12 and j?
12
Let y be (180/20)/(3/(-20)). Suppose -4*g + 224 = -112. Let c = y + g. Calculate the greatest common factor of 3 and c.
3
Suppose -24*p + 13*p = -99. What is the highest common factor of 279 and p?
9
Suppose -32 = -55*v + 51*v. Let x be 717/15 + (-1)/(-5). Suppose 0 = -0*w - 3*w + x. Calculate the greatest common factor of v and w.
8
Suppose 2*r + n + 24 = -15, n = 3. Let x be r/(-3 - 0) + -2. Suppose 7*v - 2*v + 4*h = 63, 2*v = x*h + 45. What is the greatest common factor of v and 45?
15
Suppose -2*y = -3*y + 3. Suppose y = -4*a + 11. Suppose u + 8 = a*u. Calculate the highest common factor of 8 and u.
8
Suppose 3*c = 4*d + 6*c - 89, 5*d + c = 103. Suppose d = -4*w + 4*q, -4*w + 0*w - q - 35 = 0. Let u = w - -18. Calculate the greatest common factor of 10 and u.
10
Let f(r) = 4*r - 19. Let x be f(6). Suppose -4*m + 9 = 65. Let w = m - -19. Calculate the highest common factor of x and w.
5
Let c(m) be the first derivative of m**3/3 + m**2 - m + 4. Let i be c(2). Calculate the highest common factor of i and 49.
7
Suppose -3*v - 127 = -8*v - 4*n, -v + 38 = 5*n. Suppose -231 = 16*a - v*a. What is the highest common factor of 11 and a?
11
Let w be (-7414)/(-30) - (-7)/((-735)/14). Calculate the greatest common factor of 26 and w.
13
Let x(q) = q**2 - 8*q + 6. Let u be x(7). Let a be -1 + (u - -5)/1. Suppose a*f - 2 = f. Calculate the greatest common factor of 11 and f.
1
Let k(h) = 20*h**2 - h - 7. Let d be k(-2). What is the greatest common divisor of d and 30?
15
Let n(w) = w + 26. Let q be n(24). Calculate the highest common divisor of q and 625.
25
Let l(r) = r**3 - 6*r**2 + 6*r - 12. Let y be l(6). Let z be (-2)/6 + 296/y. Calculate the greatest common factor of 96 and z.
12
Let y(n) = -n + 10 + 3*n + 0*n + 14. Let o be y(-6). What is the greatest common factor of 84 and o?
12
Suppose 4*s - 4 = 4*y, 3*y + s - 15 = -2*s. Let j be (17 - 15)/(2/(-17)). Let c = 20 + j. What is the highest common divisor of c and y?
1
Suppose -31*g + 4176 = 1448. What is the greatest common factor of g and 1100?
44
Suppose -25*q - 734 + 4859 = 0. What is the highest common divisor of q and 45?
15
Suppose 0 = -a - 24 + 64. Suppose 3*j = -2*q + 95 - 63, -3*q = -5*j + 47. What is the highest common factor of j and a?
10
Let g be -1*(-2)/(-2) - 8. Let l(o) = 119 + 3*o - 144 - 6*o. Let y be l(g). Calculate the highest common factor of 8 and y.
2
Let u = -865 - -872. Suppose 0*h - 105 = -5*h. Let i = -14 + h. What is the highest common factor of i and u?
7
Suppose -84 = -0*r - r. Let w = r - -147. Calculate the greatest common divisor of w and 21.
21
Let b be (-2 + -2)*(-12)/8. Let d(h) = -h**3 - 3*h**2 - 2*h + 6. Let n be d(-4). Calculate the highest common divisor of b and n.
6
Let o(m) = 5*m**2 - m - 2. Let u be o(2). Suppose 1881 - 345 = 12*h. What is the greatest common factor of u and h?
16
Suppose 2*d - 45 = 5*a, -3*d = -7*a + 2*a - 60. What is the greatest common divisor of 21 and d?
3
Suppose 3*n + 9*n - 120 = 0. Let h(l) = l**2 - 12. Let v be h(n). Calculate the greatest common factor of 11 and v.
11
Suppose 2*n - 361 = 7. Calculate the greatest common divisor of 46 and n.
46
Suppose 5*h = -5*b, -b + 4*b + 20 = h. Let t be (1*4)/(19/19). Let a be -1 + (8 - t) - -2. Calculate the greatest common factor of h and a.
5
Let d(k) = -k**2 - 18*k + 32. Let n be d(-15). Suppose -4*t + 21 = -t. What is the highest common factor of n and t?
7
Suppose 4*b - h - 676 = 0, 3*b = 2*b + h + 172. Let g = -403 + 411. Calculate the greatest common divisor of b and g.
8
Let k be (19/2)/((-22)/(-4972)). What is the greatest common divisor of k and 19?
19
Suppose 5*o = 2*o. Suppose -k = z - 1 - 4, -3*z + 9 = o. Suppose -k*m = 2*m + 5*q - 26, -m - 3*q = -3. Calculate the greatest common divisor of 1 and m.
1
Suppose -48 - 20 = -2*z. Suppose -3*w + 3*u = -42, 1 - 16 = -5*u. Calculate the greatest common divisor of w and z.
17
Suppose 0 = 408*z - 402*z - 216. Calculate the greatest common facto